{"id":248,"date":"2018-07-19T23:48:26","date_gmt":"2018-07-19T20:48:26","guid":{"rendered":"http:\/\/2019.brs.org.tr\/?page_id=248"},"modified":"2022-03-20T16:52:11","modified_gmt":"2022-03-20T13:52:11","slug":"konaklama","status":"publish","type":"page","link":"https:\/\/2022.brs.org.tr\/index.php\/konaklama\/","title":{"rendered":"Konaklama"},"content":{"rendered":"<p><strong>IYA\u015e Parkotel<\/strong><\/p>\n<p>\u00c7elebiler Mah No: 1, Isparta (\u015eEH\u0130R MERKEZ\u0130)<\/p>\n<p>Tel: 0246 5000 5 500<\/p>\n<p>(15 Oda ay\u0131rtt\u0131k. SD\u00dc T\u0131p Fak Ad\u0131na Ar\u0131yoruz Denilmesi Gerekli)<\/p>\n<p>&#8230;&#8230;&#8230;&#8230;<\/p>\n<p><strong>ISPARTA \u00d6\u011fretmenevi<\/strong> (\u015eehir Merkezi)<\/p>\n<p>Tel: 0246 232 5182<\/p>\n<p>&#8230;&#8230;&#8230;&#8230;<\/p>\n<p><strong>Isparta Polisevi<\/strong><\/p>\n<p>Telefon:+90 246 242 96 55<\/p>\n<p>Cep Telefon:+90 505 318 32 02<\/p>\n<p>Adres: Hal\u0131kent Mahallesi\u00a0ISPARTA<\/p>\n<p>&#8230;&#8230;&#8230;&#8230;<\/p>\n<p><strong>Barida Hotels<\/strong><\/p>\n<p>Bah\u00e7elievler S\u00fcleyman Demirel Cad.102. Cd, D:No:81,<\/p>\n<p>32040 Merkez\/Isparta<\/p>\n<p>0 (246) 500 25 25<\/p>\n","protected":false},"excerpt":{"rendered":"<p>IYA\u015e Parkotel \u00c7elebiler Mah No: 1, Isparta (\u015eEH\u0130R MERKEZ\u0130) Tel: 0246 5000 5 500 (15 Oda ay\u0131rtt\u0131k. SD\u00dc T\u0131p Fak Ad\u0131na Ar\u0131yoruz Denilmesi Gerekli) &#8230;&#8230;&#8230;&#8230; ISPARTA \u00d6\u011fretmenevi (\u015eehir Merkezi) Tel: 0246 232 5182 &#8230;&#8230;&#8230;&#8230; Isparta Polisevi Telefon:+90 246 242 96 55 Cep Telefon:+90 505 318 32 02 Adres: Hal\u0131kent Mahallesi\u00a0ISPARTA &#8230;&#8230;&#8230;&#8230; Barida Hotels Bah\u00e7elievler S\u00fcleyman Demirel Cad.102. Cd, D:No:81, 32040 Merkez\/Isparta 0 (246) 500 25 25<\/p>\n","protected":false},"author":1,"featured_media":0,"parent":0,"menu_order":0,"comment_status":"closed","ping_status":"closed","template":"","meta":{"footnotes":""},"class_list":["post-248","page","type-page","status-publish","hentry"],"_links":{"self":[{"href":"https:\/\/2022.brs.org.tr\/index.php\/wp-json\/wp\/v2\/pages\/248","targetHints":{"allow":["GET"]}}],"collection":[{"href":"https:\/\/2022.brs.org.tr\/index.php\/wp-json\/wp\/v2\/pages"}],"about":[{"href":"https:\/\/2022.brs.org.tr\/index.php\/wp-json\/wp\/v2\/types\/page"}],"author":[{"embeddable":true,"href":"https:\/\/2022.brs.org.tr\/index.php\/wp-json\/wp\/v2\/users\/1"}],"replies":[{"embeddable":true,"href":"https:\/\/2022.brs.org.tr\/index.php\/wp-json\/wp\/v2\/comments?post=248"}],"version-history":[{"count":5,"href":"https:\/\/2022.brs.org.tr\/index.php\/wp-json\/wp\/v2\/pages\/248\/revisions"}],"predecessor-version":[{"id":1862,"href":"https:\/\/2022.brs.org.tr\/index.php\/wp-json\/wp\/v2\/pages\/248\/revisions\/1862"}],"wp:attachment":[{"href":"https:\/\/2022.brs.org.tr\/index.php\/wp-json\/wp\/v2\/media?parent=248"}],"curies":[{"name":"wp","href":"https:\/\/api.w.org\/{rel}","templated":true}]}}